
Let u(q) = 29783*q + 9828386. Determine u(-330).
-4
Let q(f) = 10*f**2 - 6302*f - 5008. What is q(631)?
40
Let y(v) = -17122*v - 120134. Give y(-7).
-280
Let d(q) = -203*q - 55691. Calculate d(-273).
-272
Let f(d) = -184693*d - 9603987. What is f(-52)?
49
Let t(m) = -292*m - 31956. Determine t(-114).
1332
Let u(g) = g**2 - 2590*g - 396562. What is u(-145)?
13
Let d(j) = 7*j**3 + 435*j**2 + 484*j - 493. Give d(-61).
-249
Let r(g) = -2821621*g + 2821630. Calculate r(1).
9
Let x(n) = 45*n**2 - 2462*n - 4911. Give x(-2).
193
Let m(o) = 97173*o + 1651944. What is m(-17)?
3
Let l(c) = c**3 - 119*c**2 + 2463*c - 24535. What is l(96)?
-55
Let c(m) = 3*m**3 - 468*m**2 - 1431*m - 280. Determine c(159).
-280
Let w(z) = 222*z**3 + 171161*z**2 - 755*z + 12341. Calculate w(-771).
5
Let o(m) = -44*m**3 + 182*m**2 - 22*m - 2. What is o(4)?
6
Let l(p) = 2464*p + 15537. What is l(-5)?
3217
Let r(f) = -23286*f - 3842196. Calculate r(-165).
-6
Let n(g) = 4349*g + 160872. What is n(-37)?
-41
Let t(j) = -13*j**2 - 803*j - 6777. Determine t(-52).
-173
Let n(w) = 3680*w - 585123. Calculate n(159).
-3
Let f(m) = 408333*m - 816675. Calculate f(2).
-9
Let g(t) = 9*t**2 - 567*t + 3534. Determine g(7).
6
Let c(z) = 12*z**3 + 3*z**2 + 7*z - 73. Determine c(6).
2669
Let d(x) = 816*x - 3031. Give d(4).
233
Let x(c) = -22*c**3 + 19*c**2 - 290*c + 287. Calculate x(1).
-6
Let k(s) = s**2 + 43709*s - 349733. Calculate k(8).
3
Let f(i) = -2*i**3 + 423*i**2 - 1003*i - 8780. What is f(209)?
-2
Let i(n) = 3*n**2 - 1944*n + 24792. Determine i(13).
27
Let k(d) = 4*d**3 + 85*d**2 + 297*d - 615. What is k(-16)?
9
Let w(x) = 41920*x + 3353633. What is w(-80)?
33
Let l(w) = 2109*w + 12641. Give l(-6).
-13
Let p(o) = 8*o**2 - 3093*o + 289866. What is p(227)?
-13
Let w(z) = 3*z**3 + 104*z**2 - 2029*z - 46408. Calculate w(-42).
2
Let t(f) = -3*f**3 + 1794*f**2 + 41*f - 24462. Give t(598).
56
Let x(j) = j**3 - 1945*j**2 + 895356*j + 15. What is x(1197)?
15
Let b(g) = -2*g**3 + 107*g**2 - 40*g - 697. What is b(53)?
-8
Let i(k) = -23*k**3 + 337*k**2 + 23*k - 33. What is i(13)?
6688
Let x(g) = g**3 - 40*g**2 + 56*g - 54. Determine x(36).
-3222
Let s(f) = -2778*f - 38885. Calculate s(-14).
7
Let s(i) = 927*i - 9376. Determine s(10).
-106
Let f(i) = -19708*i + 5360577. What is f(272)?
1
Let c(m) = 1012*m**2 + 56672*m + 10. Calculate c(-56).
10
Let r(o) = -11*o**2 + 225*o - 1097. What is r(13)?
-31
Let o(h) = -304*h + 1167. Determine o(0).
1167
Let l(w) = 7304*w + 51096. Give l(-7).
-32
Let n(b) = -5*b**2 + 225*b + 154. Give n(38).
1484
Let q(r) = 17*r + 1993. What is q(-83)?
582
Let v(f) = 103095*f + 309285. Calculate v(-3).
0
Let z(x) = x**3 - 39*x**2 + 278*x - 27. Determine z(9).
45
Let i(g) = 6*g**3 + 1656*g**2 + 59*g + 16497. What is i(-276)?
213
Let m(z) = -45349*z - 317416. Determine m(-7).
27
Let f(o) = -3980*o - 338288. Give f(-85).
12
Let n(y) = -114*y**3 - 4*y**2 + 17*y + 73. Calculate n(-3).
3064
Let t(a) = -5*a**3 - 980*a**2 + 972*a - 2593. Determine t(-197).
-32
Let m(g) = 2495*g - 3556. What is m(3)?
3929
Let d(s) = 5305*s + 557057. Determine d(-105).
32
Let j(q) = 27*q**2 + 167*q - 21. Calculate j(-6).
-51
Let f(s) = 4*s**3 + 18*s**2 - 10*s - 78. Calculate f(-4).
-6
Let n(m) = 197*m + 38411. What is n(-195)?
-4
Let k(n) = 3*n**3 + 490*n**2 + 651*n + 481. Give k(-162).
-5
Let v(l) = 3*l**2 - 114*l - 543. Calculate v(52).
1641
Let a(l) = 69*l - 5810. Calculate a(88).
262
Let k(d) = 2*d**3 - 128*d**2 + 460*d - 13149. Determine k(62).
-5
Let k(f) = 7762*f - 108676. Calculate k(14).
-8
Let u(z) = -374*z + 463. Determine u(4).
-1033
Let a(z) = -z**3 - 129*z**2 - 968*z + 37. Determine a(-121).
37
Let i(s) = 617*s - 13800. Determine i(23).
391
Let b(x) = -113004*x + 226030. Determine b(2).
22
Let a(r) = -18540*r - 185306. Calculate a(-10).
94
Let f(t) = 6*t**2 + 2158*t + 24324. Determine f(-348).
-36
Let r(f) = f**3 - 59*f**2 + 471*f - 27894. Calculate r(59).
-105
Let u(a) = 2*a**3 - 239*a**2 - 5116*a + 1378. Determine u(138).
-2
Let o(p) = 4477*p + 313379. Determine o(-70).
-11
Let v(i) = i**2 - 149*i - 9410. Calculate v(-48).
46
Let t(n) = -2*n**3 + 128*n**2 + 121*n + 564. Calculate t(65).
-21
Let m(x) = 1566*x + 91045. Calculate m(-58).
217
Let b(w) = -22*w + 2958. What is b(126)?
186
Let z(n) = 17*n**3 - 2415*n**2 + 141*n - 378. Calculate z(142).
-520
Let h(r) = -1361*r**2 - 146*r + 146. What is h(1)?
-1361
Let g(j) = -4*j**2 - 524*j - 1464. Calculate g(-133).
-2528
Let s(g) = -127652*g + 893579. Give s(7).
15
Let m(a) = -747*a + 32618. What is m(44)?
-250
Let f(t) = -t**3 + 70*t**2 + 97*t - 2563. Determine f(71).
-717
Let k(i) = -495*i - 343. What is k(4)?
-2323
Let i(q) = 2*q**3 + 305*q**2 - 3797*q - 4094. Calculate i(-164).
6
Let y(i) = -552795*i - 35931679. Give y(-65).
-4
Let s(c) = 8*c**2 + 475*c - 1309. Give s(-62).
-7
Let t(a) = a**2 + 832*a + 139940. Give t(-598).
8
Let k(a) = 4*a**3 + 132*a**2 + 123*a + 44. Calculate k(-32).
204
Let n(b) = -636967*b - 5732707. Determine n(-9).
-4
Let q(d) = -88558*d - 531340. What is q(-6)?
8
Let u(z) = -3*z**3 + 1432*z**2 - 1934*z + 14266. What is u(476)?
-14
Let i(w) = 71*w**2 + 510*w + 490. What is i(-6)?
-14
Let v(p) = 24*p**2 - 1267*p + 16665. Calculate v(28).
5
Let q(h) = 5*h**3 + 3266*h**2 - 5884*h + 7150. Give q(-655).
-55
Let a(u) = 420*u + 34468. Determine a(-80).
868
Let a(w) = -18*w**3 + 13*w**2 - 70*w - 5. Give a(4).
-1229
Let z(g) = 480*g**2 + 87*g - 147. Determine z(2).
1947
Let s(x) = x**2 + 379*x - 25. Calculate s(-379).
-25
Let c(k) = 22*k**3 + 2*k**2 - 385*k + 1137. Determine c(3).
594
Let m(p) = -329*p + 2550. Determine m(8).
-82
Let u(h) = -h**3 + 2*h**2 + 1596*h - 6399. What is u(4)?
-47
Let v(b) = -b**2 + 316*b - 22997. Determine v(113).
-58
Let y(n) = 442*n + 41939. Determine y(-95).
-51
Let n(a) = -63*a**2 - 3571*a + 245. Determine n(-57).
-895
Let u(m) = 1017*m - 15108. Determine u(16).
1164
Let y(v) = 20*v**3 - 200*v**2 - 5*v + 37. Give y(10).
-13
Let f(q) = 5818*q - 1163607. Determine f(200).
-7
Let u(w) = -1211*w + 88429. Calculate u(73).
26
Let m(s) = -1991*s - 101539. Calculate m(-51).
2
Let w(h) = -11162*h + 33478. Calculate w(3).
-8
Let u(s) = 2*s**3 + 23*s**2 - 124*s - 1318. Calculate u(-12).
26
Let k(w) = -2*w**3 - 39*w**2 - 116*w - 29. Calculate k(-3).
22
Let j(s) = -34*s**2 + 11636*s + 9090. What is j(343)?
172
Let t(i) = 1668*i - 111766. Calculate t(67).
-10
Let o(m) = 10128*m - 800102. Calculate o(79).
10
Let c(i) = -54552*i + 1582013. Calculate c(29).
5
Let i(v) = 76413*v - 305703. What is i(4)?
-51
Let n(d) = 844*d - 45581. What is n(54)?
-5
Let m(b) = -2189*b + 94134. Calculate m(43).
7
Let u(g) = -g**2 - 2935*g - 258813. Give u(-91).
-9
Let n(o) = 717*o - 11609. What is n(16)?
-137
Let x(n) = -3*n**2 + 787*n + 3197. Give x(-4).
1
Let t(f) = -6*f**2 + 63132*f - 378813. Give t(6).
-237
Let s(n) = n**2 + 38*n + 284. Give s(-10).
4
Let i(a) = -2035*a - 93891. Calculate i(-45).
-2316
Let j(h) = h**3 + 96*h**2 - 494*h - 10065. Give j(-100).
-665
Let z(k) = 13*k**3 - 7*k**2 - 103*k - 355. Calculate z(-4).
-887
Let k(r) = 45759*r + 2196385. What is k(-48)?
-47
Let i(s) = 2*s**2 - 2569*s + 296067. What is i(128)?
3
Let a(c) = c**2 - 477*c - 32783. Calculate a(538).
35
Let f(t) = -t**3 - 30*t**2 - 178*t + 29. Give f(-16).
-707
Let o(f) = 8*f**2 - 653842*f + 1961532. Calculate o(3).
78
Let j(u) = -4278*u - 26105. Determine j(-6).
-437
Let b(a) = -128425*a - 642180. What is b(-5)?
-55
Let p(u) = -21*u**2 - 370*u + 168. Determine p(-18).
24
Let c(o) = o**3 - 6*o**2 + 24*o - 23. Give c(3).
22
Let t(f) = 13*f**2 + 717*f + 6324. What is t(-11)?
10
Let t(n) = 8*n**2 - 585*n + 3245. Calculate t(6).
23
Let w(r) = -84*r**2 - 4626*r - 353. What is w(-55)?
-23
Let k(h) = h**3 - 141*h**2 + 1252*h - 8530. What is k(132)?
-82
Let x(k) = k**3 - 38*k**2 + 260*k + 38. Calculate x(20).
-1962
Let w(d) = d**2 + 3681*d + 626843. What is w(-179)?
-15
Let t(i) = 311*i - 19739. Calculate t(63).
-146
Let m(i) = -236828*i - 22972307. What is m(-97)?
9
Let y(n) = 2257*n**2 - 2224*n. Determine y(1).
33
Let p(q) = -q**3 - 63*q**2 - 934*q - 413. Give p(-40).
147
Let k(d) = -10*d**3 - 708*d**2 + 80*d - 4321. Give k(-71).
81
Let t(h) = -h**3 - 5*h**2 - 45*h - 493. Give t(-10).
457
Let g(p) = 2*p**3 + 37*p**2 - 78*p - 1631. What is g(-18)